-8
Let c = -25 - -28. Let i(m) = 2*m**2 - 4*m + 1. Give i(c).
7
Let v(z) = z**2 + 3*z - 4. Let n be v(-3). Let b(y) = -y**3 - 5*y**2 - 3*y + 5. Calculate b(n).
1
Let w(k) = k**2 - 3*k - 2. Let y be 1/(-3) + 80/6. Let o(t) = 15 - 13 - 12 + t. Let j be o(y). Give w(j).
-2
Let j(d) = 7*d**2 + 1. Let n be (24/15 + -2)*-10. Suppose -5*z - a - 4 = -3, -2*z = -4*a - n. Let l be z*2/(-4) - 1. Determine j(l).
8
Let w = 167 - 494/3. Let h(o) be the first derivative of -1 + w*o**3 + 0*o + 1/2*o**2. Calculate h(-1).
6
Let v(r) = -2*r**2 - r - 1. Suppose b + 19 = -5*h - 3, 5*b - 35 = 4*h. Let s be (-1)/(-3) - 4/b. Give v(s).
-2
Let u(r) be the third derivative of -13*r**4/12 + 3*r**2 - 3. Give u(-1).
26
Let y(d) = d**3 - 5*d**2 + 4*d + 1. Suppose -7 + 2 = -p. Suppose -k - 17 = -p*b - 4, -3*b = 5*k - 19. What is y(b)?
-5
Let d be 9/4 - 3/12. Let i(f) = 5*f**3 + 8*f**2 - 5*f - 2. Let q(c) = 3*c**3 + 5*c**2 - 3*c - 1. Let u(b) = 5*i(b) - 8*q(b). Give u(d).
4
Let t = 5 - 9. Let w(q) = -q**3 - 5*q**2 - 7*q - 4. What is w(t)?
8
Let i(b) = b**2 + b + 1. Let z(q) = 4*q + 1 + 0 + 2*q**2 + 0 + 4. Let a(h) = 3*i(h) - z(h). Give a(0).
-2
Let s(p) = -5*p**2. Suppose 2*f + 4*x - 6 = 0, -2*x = -3*f + x. Let j = f - 0. What is s(j)?
-5
Let l = 16 - 13. Let v(h) be the second derivative of 0 + 3*h**2 - 2*h - 1/3*h**l. Calculate v(5).
-4
Let t(b) = -b**2 + 5*b - 4. Let q be t(3). Let k(l) = -2 - l**2 - 4*l**q + 3 + 4*l**2. Give k(-1).
0
Let j(h) be the third derivative of h**8/6720 - h**7/2520 + h**5/40 + 3*h**4/8 - 6*h**2. Let d(y) be the second derivative of j(y). What is d(0)?
3
Suppose 7 = -m - 5*d, -2*m + d + 10 = 5*d. Let b be (-50)/6 + (-3)/(-9). Let r = m + b. Let c(x) = -x**3 + 4*x**2 + 7*x - 7. Determine c(r).
3
Let s(g) = -g**3 - 5 - 492*g**2 - 2*g - g + 483*g**2. Determine s(-9).
22
Let q(h) = -h + 1. Let x be ((-5)/10)/(2/4). Determine q(x).
2
Let x(i) = 3 + 5 - 2 - 2*i. Let s be -1 + 2 + 2 + 2. Give x(s).
-4
Let h(g) = g**3 + 5*g**2 - 8*g - 8. Let o be h(-6). Let b(k) be the first derivative of -k**4/4 + k**3 + 3*k**2/2 + 5*k - 20. Give b(o).
1
Suppose -2*j + 4*r - 15 = -1, -4*r + 9 = -j. Let y(n) be the first derivative of -n**2/2 - n - 9. What is y(j)?
4
Let t(n) = n**3 - 3*n**2 + 4*n + 1. Let f be t(2). Let i(c) = -6*c + 5. Determine i(f).
-25
Let f(t) = t**3 - 5*t**2 - 9*t + 2. Let l(o) = o + 3. Let v be l(3). Calculate f(v).
-16
Let o(i) = -2*i**2 + 2*i + 1. Let u be 2/7 + 6/(-21). Let q be 2/(-4)*(u + -6). What is o(q)?
-11
Let j = 9 - 5. Let k(x) = -j*x + 3 + x**2 - 1 - x**3 + 3*x**2. Let a = -28 + 30. Determine k(a).
2
Let y(l) = 2*l**2 + 3*l - 1. Let d(t) = -t + 2. Let p be d(5). Calculate y(p).
8
Let v = -40/7 - -807/140. Let u(s) be the second derivative of 0 + v*s**5 - 1/3*s**4 + 3*s + 3/2*s**2 + 0*s**3. Calculate u(3).
-6
Suppose -2*y - y = -2*v - 8, 4*y - 13 = 5*v. Let r(p) = 6 - 4*p**3 - 5*p**y + 3*p**3 + 16*p - 15*p. What is r(-5)?
1
Let x(q) = q - 1. Let c be x(-1). Let h(m) = m. What is h(c)?
-2
Let u(h) = -3*h. Let j(q) = q**2 + 2 - 1 + 0*q**2 + 3*q. Let f be j(-2). Determine u(f).
3
Let m(i) = -22*i**3 + 4*i**2 + 4*i + 5. Let b(v) = 21*v**3 - 3*v**2 - 3*v - 4. Let o(g) = -4*b(g) - 3*m(g). Give o(1).
-17
Let n(d) = -d + 1. Let k(z) = 16*z - 3. Let m(x) = -k(x) - 4*n(x). Give m(-1).
11
Let h = -39 + 44. Let a(q) = -q - 6. Determine a(h).
-11
Let y(k) be the second derivative of 7*k**5/20 + k**4/6 - k**2/2 + 6*k. Calculate y(-1).
-6
Let v(r) be the third derivative of r**5/60 + r**4/8 - r**2. Suppose -p - 3*b + 7 = -5*p, 0 = 2*b - 2. Let l be -3 - 1 - 2*p. What is v(l)?
-2
Let o(u) = -u**2 - 2*u + 4. Let g = 26 - 30. What is o(g)?
-4
Let y(n) = n**3 - 4*n**2 + 3*n + 2. Let r(z) = -z**2 - 4*z + 7. Let x be r(-5). Let i = x + 4. Let p = -3 + i. Give y(p).
2
Let r(j) = j**3 - 9*j**2 - 3*j - 9. Let a(k) = 2*k**3 - 17*k**2 - 7*k - 17. Let x(p) = 3*a(p) - 5*r(p). Give x(7).
1
Let k(r) = -3 - 2 + r + 1. Calculate k(5).
1
Suppose -6*x + 2*x + 8 = 0. Let t(m) = 0*m + 0*m - 3 + 3*m. Calculate t(x).
3
Let j = -43 + 48. Let w(o) = -6*o**3 - 20*o**2 - 19*o + 6. Let i(g) = -g**3 - 4*g**2 - 4*g + 1. Let l(b) = 11*i(b) - 2*w(b). What is l(j)?
-6
Let n(i) be the first derivative of i**4/12 + i**3/3 - i**2/2 + i + 2. Let u(w) be the first derivative of n(w). Suppose 0*d + 6 = -2*d. Determine u(d).
2
Let n(j) = 2*j - 3. Let r(d) = 0*d**2 + d - d**2 - 2*d. Let c be r(-1). Suppose 6 = -c*h - 2*h. Calculate n(h).
-9
Let b(q) = -q**3 + 2*q**2 + 3*q - 3. Let v(o) = 4*o**2 - 4*o - 6. Let n be v(-1). Calculate b(n).
3
Let f be 4/(-2 + (-8)/(-3)). Suppose 0 = -f*x + 2*x. Let y(c) = c**3 + c**2 + 7. Calculate y(x).
7
Let d be 1/(1 - 0)*1. Let l be (-6)/(-3) + -1 + d. Let u be 5 - -1 - (-1 + l). Let b(p) = -p**2 + 5*p - 7. Calculate b(u).
-7
Let t(f) be the third derivative of 0 + 0*f + 1/120*f**6 - 2/3*f**3 + 1/8*f**4 - 5*f**2 + 1/12*f**5. Give t(-4).
0
Let c(m) = m + 2. Let u be c(-3). Let d(b) be the third derivative of b**6/12 + b**5/60 + b**4/12 + b**3/6 - 2*b**2. Determine d(u).
-10
Let c(k) be the second derivative of -k**3/2 + 5*k**2/2 + 5*k. Give c(4).
-7
Let c(h) = h**3 + h**2 - h. Let t be c(1). Let y(i) = 6*i. Calculate y(t).
6
Let a(x) = -20*x - 14. Suppose k + 0*k - 6 = 0. Let m(l) = 7*l + 5. Let q(p) = p**2 + 12*p - 11. Let o be q(-14). Let n(u) = k*a(u) + o*m(u). Calculate n(-6).
7
Let b(m) be the third derivative of -m**4/24 - m**3/3 - m**2. Let p(n) = 22*n + 244. Let k be p(-11). Calculate b(k).
-4
Let k(l) be the first derivative of l**4/4 - 2*l**3 + 3*l**2 - 5*l - 33. Determine k(5).
0
Suppose -9 = -4*q + 7. Let j(y) = -y**2 + 4*y + 5. Determine j(q).
5
Let j(d) = -2*d + 1. Let l = -24 + 20. Calculate j(l).
9
Let m(a) = -4*a - a**3 + 0*a**3 + 10*a - 4*a**2 - 2. Suppose 10 = 3*h - 2*w, -2*w - 6 = -2*h - w. Suppose 2*p = 10, 0*r - h*p = 3*r + 5. What is m(r)?
-7
Let s(k) = -k**3 + 37 - 5*k - 37 - 5*k**2. Calculate s(-4).
4
Let d(z) be the second derivative of -1/20*z**5 + 3*z**2 + 1/3*z**3 + 0 - 1/3*z**4 + 4*z. Calculate d(-4).
-2
Let x = 9 - 5. Suppose 6 = -5*a - 4*u - 1, -x*u - 12 = 0. Let b(s) = -a + 5*s + 2 + 0. Calculate b(-2).
-9
Let x(i) = 2*i - 16. Let s be x(11). Let r(z) = -z**3 + 6*z**2 + 2*z - 6. Calculate r(s).
6
Let r(q) = q**3 + 3*q**2 - 4*q + 1. Let a be r(-4). Let h(c) = -4*c - 1. Calculate h(a).
-5
Let g(c) be the first derivative of c**2/2 + 8*c + 21. Give g(-5).
3
Let l be 9 + -4 + -3 - 7. Let i = l + 5. Let f(k) = k + 6. Calculate f(i).
6
Suppose -3*k - 35 = -5*t + 25, 2*t - k = 25. Suppose 4*d + 2*p = 9 - 1, 5*d - t = -5*p. Let v be (-1 + 2)*(d - 1). Let j(m) = m**2 + m + 1. What is j(v)?
1
Let f(w) = -w**2 + w. Let a(y) = y**3 - 2*y**2 + y + 1. Let s(u) = a(u) - f(u). What is s(0)?
1
Let j(q) = 6*q + 2. Let w(c) = -c - 1. Let y(b) = -5*b - 4. Let s(p) = 4*w(p) - y(p). Let x(l) = j(l) - 5*s(l). Give x(-5).
-3
Let l(i) be the second derivative of -i**5/20 - i**4/6 - i**3/3 + i**2 - 7*i. Determine l(-2).
6
Let i(v) = v**2 - 7*v - 1. Let n be i(7). Let k(j) = -2*j**3 - 5*j**3 + 2*j**2 + 1 + 8*j**3 - 2. Give k(n).
0
Let h(m) = m**2 - 6*m - 2. Let d(k) = 4*k**2 - 2*k - 2. Let p = 3 + 0. Let j(r) = -3*r**2 + 3*r + 3. Let i(x) = p*j(x) + 2*d(x). Let u be i(5). Calculate h(u).
-7
Let r(y) = y + 10. Let k(n) = -2*n - 10. Let d(b) = 5*k(b) + 6*r(b). Let a(q) = -8 + 3*q - 3 + 2. Let t(s) = 5*a(s) + 4*d(s). Calculate t(5).
-10
Let v = -25 - -16. Let s be v/(-45) - (-28)/10. Let h(c) = -c**3 + 3*c**2 + c - 4. Calculate h(s).
-1
Suppose 3*n - 2 = -26. Let r be ((-20)/n + -2)*-4. Let f(c) = -3*c**2 - 3*c - 3. Calculate f(r).
-9
Let o = 3 + 2. Suppose -19 = -4*r - 3*p, -2*p + 5*p + 2 = -r. Let k(q) = o*q**2 - q**2 + r - 8. What is k(-1)?
3
Let g be 16/(-40) - 58/5. Let w be (-2 - 39/g)*-4. Let u(a) = a**3 + 5*a**2 + 2. Calculate u(w).
2
Let z = -2 - -2. Let j(o) = 8*o - 1 - o + z + o**2. Let n = 43 + -48. Calculate j(n).
-11
Let w(j) = j**3 - 5*j**2 + 4*j. Let m be w(5). Suppose -i - 1 = -4. Suppose -m = 4*d + i*t, 4*d - 5*d + 5*t = -18. Let k(a) = -a**2 - 3*a - 1. Determine k(d).
1
Let b(n) = -2*n - 4. Suppose -11 = -4*a - 51. Give b(a).
16
Let s = -8 - -36. Suppose -k - 2*k + 4*m + s = 0, -4*k - m = -12. Let x(j) = 2 + 2*j - 5*j + k*j. Determine x(-4).
-2
Let j(f) = f**3 + 4*f**2 - 2*f - 3. Let i(g) = -g**2 + 9*g - 2. Let d be i(8). Let p be